 i?
42
Suppose -11*d = 60*d - 137*d + 1188. Calculate the highest common factor of 18747 and d.
9
Let t = -109 - -109. Suppose -85 = -d - t*d + b, 3*d = 4*b + 259. Let c = 86 - d. Calculate the greatest common factor of c and 55.
5
Let m = -2563 - -4412. Calculate the highest common factor of m and 86.
43
Suppose -8*s + 7*s = -13. Let g = s + -9. Suppose 2*a - 3*q = 4*a - 141, 0 = -g*a + 5*q + 227. Calculate the highest common factor of a and 7.
7
Suppose -124*y - 268 = -4608. What is the greatest common divisor of y and 6706?
7
Suppose 3*z = 2*p - 5349, 17901 = 5*p - 2*z + 4534. What is the greatest common divisor of p and 1701?
243
Let o = -3 + 6. Let c = 35 - 117. Let z = 91 + c. What is the highest common divisor of o and z?
3
Let d(z) = z**3 - 12*z**2 - 1. Let b be d(12). Let f be b/((-2)/36*-2). Let h be ((-8)/(-3)*f)/(-2). What is the greatest common divisor of h and 4?
4
Suppose p = -4*g + 61, -2*g - 73 = -6*g + 3*p. Let r be (g/(-6))/((-46)/414). Calculate the greatest common divisor of 78 and r.
6
Let t be (12/15)/((-6)/(-45)). Let n be ((-3)/(-6)*-2)/((-13)/26). What is the highest common divisor of n and t?
2
Let v be 0/(((-4)/3)/(42/(-63))). Suppose -5*b + 157 = -18. Suppose v*r = 5*r - b. Calculate the greatest common factor of r and 77.
7
Let i be 4*((-50)/(-20) + 7/2). Let f be 2/4 - (-30)/4. Calculate the highest common factor of i and f.
8
Suppose -240*w + 36*w - 160*w = -31304. Calculate the highest common factor of w and 5504.
86
Suppose 224 = -11*c + 5647. What is the highest common factor of c and 58?
29
Let f(o) = 10*o**2 + 163*o + 154. Let a be f(-16). Calculate the highest common divisor of 1537 and a.
53
Suppose -3*v - 45 = -69. Suppose 25*a - v*a = 170. Calculate the highest common factor of a and 10.
10
Let k be (3 - 1) + (-4 - -267). Suppose 20*m = 19*m + 3*y + 132, 2*m + 12*y = 426. Calculate the highest common divisor of m and k.
53
Suppose 0 = 144*w - 6871 - 13721. Let n(c) = 9*c**2 + 3*c - 3. Let l be n(2). Calculate the greatest common factor of l and w.
13
Let d(p) = p**2 - 11 + 1 + 0*p**2 - 12*p - 2*p**2. Let c be d(-7). Suppose 4*n = 5*z - 887, -5*z + 0*n + 872 = n. What is the highest common factor of c and z?
25
Let a(b) = b**3 + b + 114. Let z be a(0). Let q = -80 + z. Let n(i) = -104*i - 42. Let x be n(-4). Calculate the highest common factor of x and q.
34
Suppose -23085 = -3*j + t + 9682, -3*j - 3*t = -32751. Calculate the greatest common divisor of 201 and j.
67
Suppose -2*p = -264 - 104. What is the greatest common factor of 184 and p?
184
Let r(v) = -4*v**2 - 7*v - 8. Let i be r(-4). Let u = -42 - i. Suppose -333 = -4*n - k, u*k + 327 = 4*n + 5*k. What is the highest common factor of n and 12?
12
Let x = 36 - 43. Let v(u) = u**2 - 5*u - 24. Let p be v(x). Suppose 21 = -3*s + p. Calculate the greatest common divisor of s and 13.
13
Suppose 2*h - 2*o + 274 = 6*h, 0 = 3*h - 5*o - 186. Let x = h - 59. What is the greatest common factor of 152 and x?
8
Suppose -3*i = -4*v - i, 3*v = i + 2. Let p be 65 - v/(-4)*(-7 + 17). Let k = 61 - 31. What is the greatest common factor of p and k?
10
Let s = -384 + 395. Let r(j) = -j**3 + 4*j**2 - 4*j + 2. Let m be r(2). Suppose 0 = -4*x + m*x + 22. Calculate the greatest common factor of x and s.
11
Suppose -13*j - 2039 + 6238 = 0. Let o = j - 128. Calculate the highest common divisor of o and 45.
15
Suppose 15*m = -2*m + 3060. Let g = -164 + m. Suppose 2*i - 6*i + 16 = 0. Calculate the highest common divisor of g and i.
4
Suppose 4*b + 56 = -2*k - 22, 181 = -5*k - 3*b. Let i(n) = -12*n**2 - 68*n - 34. Let f be i(-4). Let w = k + f. What is the greatest common factor of 22 and w?
11
Let u = 693 + -682. Suppose -10*b + u*b + 1302 = 5*q, -5*q + 5*b + 1310 = 0. What is the highest common factor of 156 and q?
52
Let d(g) = 2*g**3 + 21*g**2 + 3*g - 14. Let j be d(-11). Let l = -134 - j. What is the highest common divisor of 2 and l?
2
Let s(m) = 14*m - 223. Let l be s(13). Let k be (-19)/(-2)*(-5 + -3). Let r = l - k. What is the highest common divisor of 21 and r?
7
Let g be (12/(-9))/(23 - (-1074685)/(-46725)). What is the highest common factor of 105 and g?
35
Suppose 3*j - 27 = -2*h, 19 = -0*h + 4*h - j. Let a(x) = x**2 - 4. Let p be a(h). What is the greatest common divisor of p and 1?
1
Suppose -2346 + 7054 = 214*h. Let k(t) = -6*t - 10. Let m be k(-9). What is the highest common divisor of m and h?
22
Suppose 1360*j + 967 = 5047. Let l(g) = g**2 - 2*g. Let f be l(-4). Calculate the greatest common divisor of j and f.
3
Let t be (5/4)/(3/12). Let g = 2158 + -2154. Suppose t*a - 30 = g*a. What is the greatest common factor of 210 and a?
30
Let b be (-4)/18 - (10 + 71204/(-63)). Suppose 13*l + b = 17*l. What is the greatest common factor of 56 and l?
56
Suppose -170 = -8*b - 2*b. Suppose b = -4*m + 145. Calculate the highest common factor of 1 and m.
1
Suppose -4*o = 0, 4*m + 4*o = 2*o + 36. Let q be (34 - 21 - -2)*6/(4 + -2). Calculate the highest common divisor of q and m.
9
Let h(o) = -o**3 + 10*o**2 - 6*o + 3. Let i be h(9). Suppose -25*x + i*x = 280. Calculate the highest common factor of 154 and x.
14
Let m = -134 - -164. Let g be m + 2/(2/3). Calculate the highest common factor of 11 and g.
11
Suppose 4*s = -4*d + 800, -4*s - 21 = 2*d - 413. Suppose -38*b + 293 + 1012 - 393 = 0. Calculate the greatest common divisor of b and d.
12
Suppose 2*j + 12 = p, 4*p - j = -2*j + 39. Let l = p - -65. What is the highest common divisor of 45 and l?
15
Suppose -4*m + 152 = 4*q, 5*q - 17 = 5*m - 177. Suppose 3*y - 5*z = m, 2*y = -2*y - z + 85. Calculate the greatest common factor of 10 and y.
10
Let l(a) be the first derivative of 4*a**3/3 - 29*a**2/2 + 3*a + 141. Let n be l(8). Calculate the greatest common factor of 54 and n.
27
Let p(r) = 17*r - 3. Let i be p(3). Suppose 32*g = -64*g + 384. What is the greatest common factor of i and g?
4
Let u(s) = 34*s**3 + 2*s**2 - 2*s + 1. Let g be u(1). Let f be 572/16 - 6/8. Calculate the highest common factor of f and g.
35
Suppose 22*s = 17004 - 7192. Calculate the greatest common factor of s and 4.
2
Let y(a) = -23*a + 11. Let x(k) = k**2 - 5*k - 5. Let l be x(5). Let b be y(l). Let h be 1/((-30)/(-84))*(1 - -4). What is the highest common factor of h and b?
14
Suppose 91*t - 61866 = -75*t + 152*t. Calculate the greatest common divisor of t and 27.
9
Suppose -3*p - 30 = -3*p + 3*l, 5*p + l - 2470 = 0. Let k = -19 + 35. What is the greatest common factor of k and p?
16
Suppose 5*k + 30 + 14 = -2*a, -2*k - 11 = 3*a. Let g be (-6)/4*k/3. Suppose g*r - 45 = 2*r - t, 0 = 4*t - 12. What is the highest common factor of 140 and r?
14
Let b = -3509 - -7237. What is the greatest common factor of 24 and b?
8
Suppose i = 0, 6*n = 2*n + 4*i + 80. Suppose -a - 1276 = 4*p - 9*p, n = 5*a. Calculate the highest common factor of p and 32.
32
Let x be 2/(-2)*-10*(-2)/(-4). Let v(i) = -i**3 + 4*i**2 - 8*i + 7. Let l be v(x). Let o = 27 - l. Calculate the highest common factor of 17 and o.
17
Let w(z) = -1002*z**3 - z**2 - 92*z - 176. Let h be w(-2). What is the highest common divisor of h and 20?
20
Let p(h) = 2*h**2 - 203*h - 1963. Let z be p(-10). Let j be (-4)/10 - 26724/(-60). What is the highest common divisor of j and z?
89
Let p(f) = f**3 + 15*f**2 + 40*f + 10. Let h be ((-1)/2)/(-2*2/(-96)). Let g be p(h). Let v be 4/(-5)*5*g. Calculate the highest common factor of v and 38.
38
Let r(g) = 2*g**3 - 7*g**2 - 470*g + 1903. Let x be r(4). What is the highest common divisor of x and 611?
13
Let p(v) = -14*v - 4. Let w be p(2). Let x = 57 + w. Let k = x + -11. What is the greatest common divisor of k and 35?
7
Let x(v) = 12*v - 41. Let q be (5 + -5 - 5) + 1. Let o be (-6)/q*(-2 + (-32)/(-3)). Let g be x(o). Calculate the greatest common factor of 23 and g.
23
Suppose -4*o = -353*b + 350*b - 5, -3*o - 5*b + 11 = 0. Suppose 2*a = -y + 32, 4*a - 35 = 4*y + 53. What is the highest common divisor of a and o?
2
Let w = -76 - -22. Let i = w + 95. What is the highest common divisor of i and 656?
41
Suppose -5*m = -6*m - 1. Let u be 0/m + (-51)/(-17). Suppose 2*p - 5*a - 23 = 0, p + u*p - 5*a - 71 = 0. What is the greatest common divisor of 8 and p?
8
Let y be -10*(-100)/(-125) - -6*10. What is the greatest common factor of 1898 and y?
26
Let i = -28